{"id":102,"date":"2016-02-21T16:37:49","date_gmt":"2016-02-21T16:37:49","guid":{"rendered":"https:\/\/commons.mtholyoke.edu\/philosophyatthemuseum\/?page_id=102"},"modified":"2017-05-04T02:07:52","modified_gmt":"2017-05-04T02:07:52","slug":"landscape-philosophy-question-1","status":"publish","type":"page","link":"https:\/\/commons.mtholyoke.edu\/philosophyatthemuseumspanish\/landscapes\/landscape-philosophy-question-1\/","title":{"rendered":"Preguntas Filos\u00f3ficas de Paisajes"},"content":{"rendered":"<p><a href=\"https:\/\/commons.mtholyoke.edu\/philosophyatthemuseumspanish\/landscapes-1\/\"><img loading=\"lazy\" decoding=\"async\" class=\"alignnone wp-image-282 size-thumbnail\" src=\"https:\/\/commons.mtholyoke.edu\/philosophyatthemuseumspanish\/wp-content\/uploads\/sites\/340\/2016\/02\/N-0990-00-000027-wpu-150x150.jpg\" alt=\"Jacob van Ruisdael, 1628\/9? - 1682 A Landscape with a Ruined Castle and a Church about 1665-70 Oil on canvas, 109 x 146 cm Wynn Ellis Bequest, 1876 NG990 http:\/\/www.nationalgallery.org.uk\/paintings\/NG990\" width=\"150\" height=\"150\" \/><\/a>\u00a0 \u00a0 \u00a0\u00a0<a href=\"https:\/\/commons.mtholyoke.edu\/philosophyatthemuseumspanish\/landscapes-2\/\" rel=\"attachment wp-att-343\"><img loading=\"lazy\" decoding=\"async\" class=\"alignnone wp-image-343 size-thumbnail\" src=\"https:\/\/commons.mtholyoke.edu\/philosophyatthemuseumspanish\/wp-content\/uploads\/sites\/340\/2016\/02\/Monet-150x150.jpg\" alt=\"Claude Monet, 1876, 23 1\/2 x 32 1\/2 in. \" width=\"150\" height=\"150\" \/><\/a>\u00a0 \u00a0 \u00a0\u00a0<a href=\"https:\/\/commons.mtholyoke.edu\/philosophyatthemuseumspanish\/landscapes-3\/\"><img loading=\"lazy\" decoding=\"async\" class=\"alignnone wp-image-56 size-thumbnail\" src=\"https:\/\/commons.mtholyoke.edu\/philosophyatthemuseumspanish\/wp-content\/uploads\/sites\/340\/2016\/02\/1200px-Great_Wave_off_Kanagawa2-150x150.jpg\" width=\"150\" height=\"150\" \/><\/a><\/p>\n<p>1. \u00a0<span style=\"font-weight: 400\">Diferentes obras de arte representan diferentes puntos de vista de la naturaleza. \u00bfPiensa que la naturaleza tiene una esencia particular, tal como amenazante o pacifico? \u00bfPorque si o porque no? \u00bfEs que la naturaleza tiene una relaci\u00f3n particular con humanos? Si piensa que si, \u00bfporque piensa eso?<\/span><\/p>\n<p>&nbsp;<\/p>\n<h5 style=\"text-align: right\"><a href=\"https:\/\/commons.mtholyoke.edu\/philosophyatthemuseumspanish\/landscapes\/landscape-philosophy-question-2\/\">Proxima Pregunta \u2192<\/a><\/h5>\n<p>&nbsp;<\/p>\n<h6><a href=\"https:\/\/commons.mtholyoke.edu\/philosophyatthemuseumspanish\/wp-content\/uploads\/sites\/340\/2016\/03\/Philosophy-@-The-Virtual-Art-Museum-Los-Paisajes-SPANISH.pdf\">Haz clic aqu\u00ed para obtener la versi\u00f3n de est\u00e1 secci\u00f3n para imprimir.<\/a><\/h6>\n","protected":false},"excerpt":{"rendered":"<p>\u00a0 \u00a0 \u00a0\u00a0\u00a0 \u00a0 \u00a0\u00a0 1. \u00a0Diferentes obras de arte representan diferentes puntos de vista de la naturaleza. \u00bfPiensa que la naturaleza tiene una esencia particular, tal como amenazante o pacifico? \u00bfPorque si o porque no? \u00bfEs que la naturaleza tiene una relaci\u00f3n particular con humanos? Si piensa que si, \u00bfporque piensa eso? &nbsp; Proxima [&hellip;]<\/p>\n","protected":false},"author":264,"featured_media":0,"parent":16,"menu_order":0,"comment_status":"closed","ping_status":"closed","template":"","meta":{"_monsterinsights_skip_tracking":false,"footnotes":""},"class_list":["post-102","page","type-page","status-publish","hentry"],"_links":{"self":[{"href":"https:\/\/commons.mtholyoke.edu\/philosophyatthemuseumspanish\/wp-json\/wp\/v2\/pages\/102","targetHints":{"allow":["GET"]}}],"collection":[{"href":"https:\/\/commons.mtholyoke.edu\/philosophyatthemuseumspanish\/wp-json\/wp\/v2\/pages"}],"about":[{"href":"https:\/\/commons.mtholyoke.edu\/philosophyatthemuseumspanish\/wp-json\/wp\/v2\/types\/page"}],"author":[{"embeddable":true,"href":"https:\/\/commons.mtholyoke.edu\/philosophyatthemuseumspanish\/wp-json\/wp\/v2\/users\/264"}],"replies":[{"embeddable":true,"href":"https:\/\/commons.mtholyoke.edu\/philosophyatthemuseumspanish\/wp-json\/wp\/v2\/comments?post=102"}],"version-history":[{"count":3,"href":"https:\/\/commons.mtholyoke.edu\/philosophyatthemuseumspanish\/wp-json\/wp\/v2\/pages\/102\/revisions"}],"predecessor-version":[{"id":1543,"href":"https:\/\/commons.mtholyoke.edu\/philosophyatthemuseumspanish\/wp-json\/wp\/v2\/pages\/102\/revisions\/1543"}],"up":[{"embeddable":true,"href":"https:\/\/commons.mtholyoke.edu\/philosophyatthemuseumspanish\/wp-json\/wp\/v2\/pages\/16"}],"wp:attachment":[{"href":"https:\/\/commons.mtholyoke.edu\/philosophyatthemuseumspanish\/wp-json\/wp\/v2\/media?parent=102"}],"curies":[{"name":"wp","href":"https:\/\/api.w.org\/{rel}","templated":true}]}}

Preguntas Filosóficas de Paisajes

<p><a href="https://commons.mtholyoke.edu/philosophyatthemuseumspanish/landscapes-1/"><img loading="lazy" decoding="async" class="alignnone wp-image-282 size-thumbnail" src="https://commons.mtholyoke.edu/philosophyatthemuseumspanish/wp-content/uploads/sites/340/2016/02/N-0990-00-000027-wpu-150x150.jpg" alt="Jacob van Ruisdael, 1628/9? - 1682 A Landscape with a Ruined Castle and a Church about 1665-70 Oil on canvas, 109 x 146 cm Wynn Ellis Bequest, 1876 NG990 http://www.nationalgallery.org.uk/paintings/NG990" width="150" height="150" /></a>      <a href="https://commons.mtholyoke.edu/philosophyatthemuseumspanish/landscapes-2/" rel="attachment wp-att-343"><img loading="lazy" decoding="async" class="alignnone wp-image-343 size-thumbnail" src="https://commons.mtholyoke.edu/philosophyatthemuseumspanish/wp-content/uploads/sites/340/2016/02/Monet-150x150.jpg" alt="Claude Monet, 1876, 23 1/2 x 32 1/2 in. " width="150" height="150" /></a>      <a href="https://commons.mtholyoke.edu/philosophyatthemuseumspanish/landscapes-3/"><img loading="lazy" decoding="async" class="alignnone wp-image-56 size-thumbnail" src="https://commons.mtholyoke.edu/philosophyatthemuseumspanish/wp-content/uploads/sites/340/2016/02/1200px-Great_Wave_off_Kanagawa2-150x150.jpg" width="150" height="150" /></a></p>
<p>1.  <span style="font-weight: 400">Diferentes obras de arte representan diferentes puntos de vista de la naturaleza. ¿Piensa que la naturaleza tiene una esencia particular, tal como amenazante o pacifico? ¿Porque si o porque no? ¿Es que la naturaleza tiene una relación particular con humanos? Si piensa que si, ¿porque piensa eso?</span></p>
<p>&nbsp;</p>
<h5 style="text-align: right"><a href="https://commons.mtholyoke.edu/philosophyatthemuseumspanish/landscapes/landscape-philosophy-question-2/">Proxima Pregunta →</a></h5>
<p>&nbsp;</p>
<h6><a href="https://commons.mtholyoke.edu/philosophyatthemuseumspanish/wp-content/uploads/sites/340/2016/03/Philosophy-@-The-Virtual-Art-Museum-Los-Paisajes-SPANISH.pdf">Haz clic aquí para obtener la versión de está sección para imprimir.</a></h6>

<p>             1.  Diferentes obras de arte representan diferentes puntos de vista de la naturaleza. ¿Piensa que la naturaleza tiene una esencia particular, tal como amenazante o pacifico? ¿Porque si o porque no? ¿Es que la naturaleza tiene una relación particular con humanos? Si piensa que si, ¿porque piensa eso? &nbsp; Proxima [&hellip;]</p>
