{"id":1091,"date":"2017-01-26T00:02:28","date_gmt":"2017-01-26T00:02:28","guid":{"rendered":"https:\/\/commons.mtholyoke.edu\/philosophyatthemuseum\/?page_id=1091"},"modified":"2017-04-30T20:45:56","modified_gmt":"2017-04-30T20:45:56","slug":"landscapes-3","status":"publish","type":"page","link":"https:\/\/commons.mtholyoke.edu\/philosophyatthemuseumspanish\/landscapes-3\/","title":{"rendered":"Los Paisajes"},"content":{"rendered":"<figure id=\"attachment_56\" aria-describedby=\"caption-attachment-56\" style=\"width: 1024px\" class=\"wp-caption aligncenter\"><a href=\"https:\/\/commons.mtholyoke.edu\/philosophyatthemuseumspanish\/wp-content\/uploads\/sites\/340\/2016\/02\/1200px-Great_Wave_off_Kanagawa2.jpg\" rel=\"attachment wp-att-56\"><img loading=\"lazy\" decoding=\"async\" class=\"wp-image-56 size-large\" src=\"https:\/\/commons.mtholyoke.edu\/philosophyatthemuseumspanish\/wp-content\/uploads\/sites\/340\/2016\/02\/1200px-Great_Wave_off_Kanagawa2-1024x701.jpg\" alt=\"1.What features strike you in this painting? 2. How is nature depicted in this sea- and landscape? 3. Can you tell that this painting is by a Japanese painter? How? What is the significance of your answer?\" width=\"1024\" height=\"701\" srcset=\"https:\/\/commons.mtholyoke.edu\/philosophyatthemuseumspanish\/wp-content\/uploads\/sites\/340\/2016\/02\/1200px-Great_Wave_off_Kanagawa2-1024x701.jpg 1024w, https:\/\/commons.mtholyoke.edu\/philosophyatthemuseumspanish\/wp-content\/uploads\/sites\/340\/2016\/02\/1200px-Great_Wave_off_Kanagawa2-300x205.jpg 300w, https:\/\/commons.mtholyoke.edu\/philosophyatthemuseumspanish\/wp-content\/uploads\/sites\/340\/2016\/02\/1200px-Great_Wave_off_Kanagawa2-768x525.jpg 768w, https:\/\/commons.mtholyoke.edu\/philosophyatthemuseumspanish\/wp-content\/uploads\/sites\/340\/2016\/02\/1200px-Great_Wave_off_Kanagawa2.jpg 1200w\" sizes=\"auto, (max-width: 1024px) 100vw, 1024px\" \/><\/a><figcaption id=\"caption-attachment-56\" class=\"wp-caption-text\">Hokusai, <em>The Great Wave off Kanagawa<\/em>, 1830-1833, <a href=\"http:\/\/www.metmuseum.org\/collection\/the-collection-online\/search\/45434\" target=\"_blank\">The Metropolitan Museum of Art<\/a><\/figcaption><\/figure>\n<ol>\n<li><span style=\"font-weight: 400\">\u00bfQu\u00e9 caracter\u00edsticas le sorpresa en este grabado en madera?<\/span><\/li>\n<li><span style=\"font-weight: 400\">\u00bfC\u00f3mo est\u00e1 representado la naturaleza en el oc\u00e9ano? <\/span><\/li>\n<li><span style=\"font-weight: 400\">\u00bfC\u00f3mo representa la tablilla la relaci\u00f3n entre humanos y la naturaleza? <\/span><\/li>\n<li><span style=\"font-weight: 400\">\u00bfNota que el cuadro est\u00e1 hecho por un artista japon\u00e9s? \u00bfC\u00f3mo? \u00bfQue significativo tiene su respuesta?<\/span><\/li>\n<\/ol>\n<p>&nbsp;<\/p>\n<h2 style=\"text-align: right\"><a href=\"https:\/\/commons.mtholyoke.edu\/philosophyatthemuseumspanish\/landscapes\/landscape-philosophy-question-1\/\">Continua a:<strong> Preguntas Filos\u00f3ficas de Paisajes<\/strong><\/a><\/h2>\n<h5><a href=\"https:\/\/commons.mtholyoke.edu\/philosophyatthemuseumspanish\/landscapes-2\/\">\u2190 Anterior<\/a><\/h5>\n<p><a href=\"https:\/\/commons.mtholyoke.edu\/philosophyatthemuseumspanish\/landscapes\/\"><img loading=\"lazy\" decoding=\"async\" class=\"aligncenter wp-image-1005\" src=\"https:\/\/commons.mtholyoke.edu\/philosophyatthemuseumspanish\/wp-content\/uploads\/sites\/340\/2017\/01\/gi-e1485203830394-150x150.png\" alt=\"home\" width=\"40\" height=\"40\" srcset=\"https:\/\/commons.mtholyoke.edu\/philosophyatthemuseumspanish\/wp-content\/uploads\/sites\/340\/2017\/01\/gi-e1485203830394-150x150.png 150w, https:\/\/commons.mtholyoke.edu\/philosophyatthemuseumspanish\/wp-content\/uploads\/sites\/340\/2017\/01\/gi-e1485203830394-300x300.png 300w, https:\/\/commons.mtholyoke.edu\/philosophyatthemuseumspanish\/wp-content\/uploads\/sites\/340\/2017\/01\/gi-e1485203830394.png 500w\" sizes=\"auto, (max-width: 40px) 100vw, 40px\" \/><\/a><\/p>\n","protected":false},"excerpt":{"rendered":"<p>\u00bfQu\u00e9 caracter\u00edsticas le sorpresa en este grabado en madera? \u00bfC\u00f3mo est\u00e1 representado la naturaleza en el oc\u00e9ano? \u00bfC\u00f3mo representa la tablilla la relaci\u00f3n entre humanos y la naturaleza? \u00bfNota que el cuadro est\u00e1 hecho por un artista japon\u00e9s? \u00bfC\u00f3mo? \u00bfQue significativo tiene su respuesta? &nbsp; Continua a: Preguntas Filos\u00f3ficas de Paisajes \u2190 Anterior<\/p>\n","protected":false},"author":264,"featured_media":0,"parent":0,"menu_order":0,"comment_status":"closed","ping_status":"closed","template":"","meta":{"_monsterinsights_skip_tracking":false,"footnotes":""},"class_list":["post-1091","page","type-page","status-publish","hentry"],"_links":{"self":[{"href":"https:\/\/commons.mtholyoke.edu\/philosophyatthemuseumspanish\/wp-json\/wp\/v2\/pages\/1091","targetHints":{"allow":["GET"]}}],"collection":[{"href":"https:\/\/commons.mtholyoke.edu\/philosophyatthemuseumspanish\/wp-json\/wp\/v2\/pages"}],"about":[{"href":"https:\/\/commons.mtholyoke.edu\/philosophyatthemuseumspanish\/wp-json\/wp\/v2\/types\/page"}],"author":[{"embeddable":true,"href":"https:\/\/commons.mtholyoke.edu\/philosophyatthemuseumspanish\/wp-json\/wp\/v2\/users\/264"}],"replies":[{"embeddable":true,"href":"https:\/\/commons.mtholyoke.edu\/philosophyatthemuseumspanish\/wp-json\/wp\/v2\/comments?post=1091"}],"version-history":[{"count":2,"href":"https:\/\/commons.mtholyoke.edu\/philosophyatthemuseumspanish\/wp-json\/wp\/v2\/pages\/1091\/revisions"}],"predecessor-version":[{"id":1434,"href":"https:\/\/commons.mtholyoke.edu\/philosophyatthemuseumspanish\/wp-json\/wp\/v2\/pages\/1091\/revisions\/1434"}],"wp:attachment":[{"href":"https:\/\/commons.mtholyoke.edu\/philosophyatthemuseumspanish\/wp-json\/wp\/v2\/media?parent=1091"}],"curies":[{"name":"wp","href":"https:\/\/api.w.org\/{rel}","templated":true}]}}

<figure id="attachment_56" aria-describedby="caption-attachment-56" style="width: 1024px" class="wp-caption aligncenter"><a href="https://commons.mtholyoke.edu/philosophyatthemuseumspanish/wp-content/uploads/sites/340/2016/02/1200px-Great_Wave_off_Kanagawa2.jpg" rel="attachment wp-att-56"><img loading="lazy" decoding="async" class="wp-image-56 size-large" src="https://commons.mtholyoke.edu/philosophyatthemuseumspanish/wp-content/uploads/sites/340/2016/02/1200px-Great_Wave_off_Kanagawa2-1024x701.jpg" alt="1.What features strike you in this painting? 2. How is nature depicted in this sea- and landscape? 3. Can you tell that this painting is by a Japanese painter? How? What is the significance of your answer?" width="1024" height="701" srcset="https://commons.mtholyoke.edu/philosophyatthemuseumspanish/wp-content/uploads/sites/340/2016/02/1200px-Great_Wave_off_Kanagawa2-1024x701.jpg 1024w, https://commons.mtholyoke.edu/philosophyatthemuseumspanish/wp-content/uploads/sites/340/2016/02/1200px-Great_Wave_off_Kanagawa2-300x205.jpg 300w, https://commons.mtholyoke.edu/philosophyatthemuseumspanish/wp-content/uploads/sites/340/2016/02/1200px-Great_Wave_off_Kanagawa2-768x525.jpg 768w, https://commons.mtholyoke.edu/philosophyatthemuseumspanish/wp-content/uploads/sites/340/2016/02/1200px-Great_Wave_off_Kanagawa2.jpg 1200w" sizes="auto, (max-width: 1024px) 100vw, 1024px" /></a><figcaption id="caption-attachment-56" class="wp-caption-text">Hokusai, <em>The Great Wave off Kanagawa</em>, 1830-1833, <a href="http://www.metmuseum.org/collection/the-collection-online/search/45434" target="_blank">The Metropolitan Museum of Art</a></figcaption></figure>
<ol>
<li><span style="font-weight: 400">¿Qué características le sorpresa en este grabado en madera?</span></li>
<li><span style="font-weight: 400">¿Cómo está representado la naturaleza en el océano? </span></li>
<li><span style="font-weight: 400">¿Cómo representa la tablilla la relación entre humanos y la naturaleza? </span></li>
<li><span style="font-weight: 400">¿Nota que el cuadro está hecho por un artista japonés? ¿Cómo? ¿Que significativo tiene su respuesta?</span></li>
</ol>
<p>&nbsp;</p>
<h2 style="text-align: right"><a href="https://commons.mtholyoke.edu/philosophyatthemuseumspanish/landscapes/landscape-philosophy-question-1/">Continua a:<strong> Preguntas Filosóficas de Paisajes</strong></a></h2>
<h5><a href="https://commons.mtholyoke.edu/philosophyatthemuseumspanish/landscapes-2/">← Anterior</a></h5>
<p><a href="https://commons.mtholyoke.edu/philosophyatthemuseumspanish/landscapes/"><img loading="lazy" decoding="async" class="aligncenter wp-image-1005" src="https://commons.mtholyoke.edu/philosophyatthemuseumspanish/wp-content/uploads/sites/340/2017/01/gi-e1485203830394-150x150.png" alt="home" width="40" height="40" srcset="https://commons.mtholyoke.edu/philosophyatthemuseumspanish/wp-content/uploads/sites/340/2017/01/gi-e1485203830394-150x150.png 150w, https://commons.mtholyoke.edu/philosophyatthemuseumspanish/wp-content/uploads/sites/340/2017/01/gi-e1485203830394-300x300.png 300w, https://commons.mtholyoke.edu/philosophyatthemuseumspanish/wp-content/uploads/sites/340/2017/01/gi-e1485203830394.png 500w" sizes="auto, (max-width: 40px) 100vw, 40px" /></a></p>

<p>¿Qué características le sorpresa en este grabado en madera? ¿Cómo está representado la naturaleza en el océano? ¿Cómo representa la tablilla la relación entre humanos y la naturaleza? ¿Nota que el cuadro está hecho por un artista japonés? ¿Cómo? ¿Que significativo tiene su respuesta? &nbsp; Continua a: Preguntas Filosóficas de Paisajes ← Anterior</p>
