{"id":1183,"date":"2017-01-26T01:45:12","date_gmt":"2017-01-26T01:45:12","guid":{"rendered":"https:\/\/commons.mtholyoke.edu\/philosophyatthemuseum\/?page_id=1183"},"modified":"2017-05-02T01:34:38","modified_gmt":"2017-05-02T01:34:38","slug":"photography-1","status":"publish","type":"page","link":"https:\/\/commons.mtholyoke.edu\/philosophyatthemuseumspanish\/photography-1\/","title":{"rendered":"La Fotograf\u00eda"},"content":{"rendered":"<figure id=\"attachment_458\" aria-describedby=\"caption-attachment-458\" style=\"width: 486px\" class=\"wp-caption aligncenter\"><a href=\"https:\/\/commons.mtholyoke.edu\/philosophyatthemuseumspanish\/wp-content\/uploads\/sites\/340\/2016\/09\/Alfred-Steiglitz_Georgia-O\u2019Keefe_1923-1.jpg\"><img loading=\"lazy\" decoding=\"async\" class=\"wp-image-458 \" src=\"https:\/\/commons.mtholyoke.edu\/philosophyatthemuseumspanish\/wp-content\/uploads\/sites\/340\/2016\/09\/Alfred-Steiglitz_Georgia-O\u2019Keefe_1923-1-785x1024.jpg\" alt=\"1.What features of this photographic portrait stand out for you? 2. Does this photograph contain an expression of the photographer\u2019s attitude towards its subject? 3. What does the photograph convey about the person portrayed in it? 4. How does learning that the person in the photograph is the photographer\u2019s wife change your understanding of it if at all?\" width=\"486\" height=\"634\" srcset=\"https:\/\/commons.mtholyoke.edu\/philosophyatthemuseumspanish\/wp-content\/uploads\/sites\/340\/2016\/09\/Alfred-Steiglitz_Georgia-O\u2019Keefe_1923-1-785x1024.jpg 785w, https:\/\/commons.mtholyoke.edu\/philosophyatthemuseumspanish\/wp-content\/uploads\/sites\/340\/2016\/09\/Alfred-Steiglitz_Georgia-O\u2019Keefe_1923-1-230x300.jpg 230w, https:\/\/commons.mtholyoke.edu\/philosophyatthemuseumspanish\/wp-content\/uploads\/sites\/340\/2016\/09\/Alfred-Steiglitz_Georgia-O\u2019Keefe_1923-1-768x1002.jpg 768w, https:\/\/commons.mtholyoke.edu\/philosophyatthemuseumspanish\/wp-content\/uploads\/sites\/340\/2016\/09\/Alfred-Steiglitz_Georgia-O\u2019Keefe_1923-1-1200x1566.jpg 1200w, https:\/\/commons.mtholyoke.edu\/philosophyatthemuseumspanish\/wp-content\/uploads\/sites\/340\/2016\/09\/Alfred-Steiglitz_Georgia-O\u2019Keefe_1923-1.jpg 1533w\" sizes=\"auto, (max-width: 486px) 100vw, 486px\" \/><\/a><figcaption id=\"caption-attachment-458\" class=\"wp-caption-text\">Alfred Steiglitz, <em>Georgia O\u2019Keefe<\/em>, 1923, <a href=\"http:\/\/www.moma.org\/collection\/works\/46428?locale=en\">Museum of Modern Art, New York<\/a><\/figcaption><\/figure>\n<ol>\n<li><span style=\"font-weight: 400\">\u00bfQu\u00e9 caracter\u00edsticas de este retrato fotogr\u00e1fico son m\u00e1s prominentes para usted? <\/span><\/li>\n<li><span style=\"font-weight: 400\">\u00bfEs que est\u00e1 fotograf\u00eda contiene una expresi\u00f3n de la actitud del fot\u00f3grafo al objeto?<\/span><\/li>\n<li><span style=\"font-weight: 400\">\u00bfQu\u00e9 es lo que expresa la fotograf\u00eda de la person retratada? <\/span><\/li>\n<li><span style=\"font-weight: 400\">\u00bfC\u00f3mo cambia su interpretaci\u00f3n, si cambia, del retrato al conocer que la person retratada en la fotograf\u00eda es la mujer del fot\u00f3grafo? <\/span><\/li>\n<\/ol>\n<h5 style=\"text-align: right\"><a href=\"https:\/\/commons.mtholyoke.edu\/philosophyatthemuseumspanish\/photography-2\/\">Siguiente \u2192<\/a><\/h5>\n<p><a href=\"https:\/\/commons.mtholyoke.edu\/philosophyatthemuseumspanish\/photography\/\"><img loading=\"lazy\" decoding=\"async\" class=\"aligncenter wp-image-1005\" src=\"https:\/\/commons.mtholyoke.edu\/philosophyatthemuseumspanish\/wp-content\/uploads\/sites\/340\/2017\/01\/gi-e1485203830394-150x150.png\" alt=\"home\" width=\"40\" height=\"40\" srcset=\"https:\/\/commons.mtholyoke.edu\/philosophyatthemuseumspanish\/wp-content\/uploads\/sites\/340\/2017\/01\/gi-e1485203830394-150x150.png 150w, https:\/\/commons.mtholyoke.edu\/philosophyatthemuseumspanish\/wp-content\/uploads\/sites\/340\/2017\/01\/gi-e1485203830394-300x300.png 300w, https:\/\/commons.mtholyoke.edu\/philosophyatthemuseumspanish\/wp-content\/uploads\/sites\/340\/2017\/01\/gi-e1485203830394.png 500w\" sizes=\"auto, (max-width: 40px) 100vw, 40px\" \/><\/a><\/p>\n","protected":false},"excerpt":{"rendered":"<p>\u00bfQu\u00e9 caracter\u00edsticas de este retrato fotogr\u00e1fico son m\u00e1s prominentes para usted? \u00bfEs que est\u00e1 fotograf\u00eda contiene una expresi\u00f3n de la actitud del fot\u00f3grafo al objeto? \u00bfQu\u00e9 es lo que expresa la fotograf\u00eda de la person retratada? \u00bfC\u00f3mo cambia su interpretaci\u00f3n, si cambia, del retrato al conocer que la person retratada en la fotograf\u00eda es la [&hellip;]<\/p>\n","protected":false},"author":264,"featured_media":0,"parent":0,"menu_order":0,"comment_status":"closed","ping_status":"closed","template":"","meta":{"_monsterinsights_skip_tracking":false,"footnotes":""},"class_list":["post-1183","page","type-page","status-publish","hentry"],"_links":{"self":[{"href":"https:\/\/commons.mtholyoke.edu\/philosophyatthemuseumspanish\/wp-json\/wp\/v2\/pages\/1183","targetHints":{"allow":["GET"]}}],"collection":[{"href":"https:\/\/commons.mtholyoke.edu\/philosophyatthemuseumspanish\/wp-json\/wp\/v2\/pages"}],"about":[{"href":"https:\/\/commons.mtholyoke.edu\/philosophyatthemuseumspanish\/wp-json\/wp\/v2\/types\/page"}],"author":[{"embeddable":true,"href":"https:\/\/commons.mtholyoke.edu\/philosophyatthemuseumspanish\/wp-json\/wp\/v2\/users\/264"}],"replies":[{"embeddable":true,"href":"https:\/\/commons.mtholyoke.edu\/philosophyatthemuseumspanish\/wp-json\/wp\/v2\/comments?post=1183"}],"version-history":[{"count":1,"href":"https:\/\/commons.mtholyoke.edu\/philosophyatthemuseumspanish\/wp-json\/wp\/v2\/pages\/1183\/revisions"}],"predecessor-version":[{"id":1509,"href":"https:\/\/commons.mtholyoke.edu\/philosophyatthemuseumspanish\/wp-json\/wp\/v2\/pages\/1183\/revisions\/1509"}],"wp:attachment":[{"href":"https:\/\/commons.mtholyoke.edu\/philosophyatthemuseumspanish\/wp-json\/wp\/v2\/media?parent=1183"}],"curies":[{"name":"wp","href":"https:\/\/api.w.org\/{rel}","templated":true}]}}

La Fotografía

<figure id="attachment_458" aria-describedby="caption-attachment-458" style="width: 486px" class="wp-caption aligncenter"><a href="https://commons.mtholyoke.edu/philosophyatthemuseumspanish/wp-content/uploads/sites/340/2016/09/Alfred-Steiglitz_Georgia-O’Keefe_1923-1.jpg"><img loading="lazy" decoding="async" class="wp-image-458 " src="https://commons.mtholyoke.edu/philosophyatthemuseumspanish/wp-content/uploads/sites/340/2016/09/Alfred-Steiglitz_Georgia-O’Keefe_1923-1-785x1024.jpg" alt="1.What features of this photographic portrait stand out for you? 2. Does this photograph contain an expression of the photographer’s attitude towards its subject? 3. What does the photograph convey about the person portrayed in it? 4. How does learning that the person in the photograph is the photographer’s wife change your understanding of it if at all?" width="486" height="634" srcset="https://commons.mtholyoke.edu/philosophyatthemuseumspanish/wp-content/uploads/sites/340/2016/09/Alfred-Steiglitz_Georgia-O’Keefe_1923-1-785x1024.jpg 785w, https://commons.mtholyoke.edu/philosophyatthemuseumspanish/wp-content/uploads/sites/340/2016/09/Alfred-Steiglitz_Georgia-O’Keefe_1923-1-230x300.jpg 230w, https://commons.mtholyoke.edu/philosophyatthemuseumspanish/wp-content/uploads/sites/340/2016/09/Alfred-Steiglitz_Georgia-O’Keefe_1923-1-768x1002.jpg 768w, https://commons.mtholyoke.edu/philosophyatthemuseumspanish/wp-content/uploads/sites/340/2016/09/Alfred-Steiglitz_Georgia-O’Keefe_1923-1-1200x1566.jpg 1200w, https://commons.mtholyoke.edu/philosophyatthemuseumspanish/wp-content/uploads/sites/340/2016/09/Alfred-Steiglitz_Georgia-O’Keefe_1923-1.jpg 1533w" sizes="auto, (max-width: 486px) 100vw, 486px" /></a><figcaption id="caption-attachment-458" class="wp-caption-text">Alfred Steiglitz, <em>Georgia O’Keefe</em>, 1923, <a href="http://www.moma.org/collection/works/46428?locale=en">Museum of Modern Art, New York</a></figcaption></figure>
<ol>
<li><span style="font-weight: 400">¿Qué características de este retrato fotográfico son más prominentes para usted? </span></li>
<li><span style="font-weight: 400">¿Es que está fotografía contiene una expresión de la actitud del fotógrafo al objeto?</span></li>
<li><span style="font-weight: 400">¿Qué es lo que expresa la fotografía de la person retratada? </span></li>
<li><span style="font-weight: 400">¿Cómo cambia su interpretación, si cambia, del retrato al conocer que la person retratada en la fotografía es la mujer del fotógrafo? </span></li>
</ol>
<h5 style="text-align: right"><a href="https://commons.mtholyoke.edu/philosophyatthemuseumspanish/photography-2/">Siguiente →</a></h5>
<p><a href="https://commons.mtholyoke.edu/philosophyatthemuseumspanish/photography/"><img loading="lazy" decoding="async" class="aligncenter wp-image-1005" src="https://commons.mtholyoke.edu/philosophyatthemuseumspanish/wp-content/uploads/sites/340/2017/01/gi-e1485203830394-150x150.png" alt="home" width="40" height="40" srcset="https://commons.mtholyoke.edu/philosophyatthemuseumspanish/wp-content/uploads/sites/340/2017/01/gi-e1485203830394-150x150.png 150w, https://commons.mtholyoke.edu/philosophyatthemuseumspanish/wp-content/uploads/sites/340/2017/01/gi-e1485203830394-300x300.png 300w, https://commons.mtholyoke.edu/philosophyatthemuseumspanish/wp-content/uploads/sites/340/2017/01/gi-e1485203830394.png 500w" sizes="auto, (max-width: 40px) 100vw, 40px" /></a></p>

<p>¿Qué características de este retrato fotográfico son más prominentes para usted? ¿Es que está fotografía contiene una expresión de la actitud del fotógrafo al objeto? ¿Qué es lo que expresa la fotografía de la person retratada? ¿Cómo cambia su interpretación, si cambia, del retrato al conocer que la person retratada en la fotografía es la [&hellip;]</p>
