{"id":122,"date":"2016-02-23T19:08:16","date_gmt":"2016-02-23T19:08:16","guid":{"rendered":"https:\/\/commons.mtholyoke.edu\/philosophyatthemuseum\/?page_id=122"},"modified":"2017-05-04T02:13:01","modified_gmt":"2017-05-04T02:13:01","slug":"expressionism","status":"publish","type":"page","link":"https:\/\/commons.mtholyoke.edu\/philosophyatthemuseumspanish\/expressionism\/","title":{"rendered":"El Expresionismo"},"content":{"rendered":"<p><span style=\"font-weight: 400\">El arte del expresionismo se enfoca en la representaci\u00f3n de emociones y no de la representaci\u00f3n precisa de objetos. Empezando en el siglo 19, tal vez porque la fotograf\u00eda era una forma m\u00e1s precisa para representar las cosas, artistas empezaron a usar colores y deformaciones visuales como un medio de comunicar estados de emoci\u00f3n. Las primeras dos obras en est\u00e1 secci\u00f3n viene de esta etapa de arte. La \u00faltima obra es del estilo de expresionismo abstracto, que era una escuela de Arte Americano muy grande de los a\u00f1os 1950 y 1960.<\/span><\/p>\n<p><span style=\"font-weight: 400\">[Nota: La obra de Mark Rothko en la secci\u00f3n de Arte Abstracto es otro ejemplo del arte expresionismo abstracto.] <\/span><\/p>\n<h3 style=\"text-align: right\"><a href=\"https:\/\/commons.mtholyoke.edu\/philosophyatthemuseumspanish\/expressionism-1\/\">Inicio:<strong>\u00a0Explorar El Expresionismo<\/strong>\u00a0\u2192<\/a><\/h3>\n<p>&nbsp;<\/p>\n<p><span style=\"font-weight: 400\">Selecciona una obra por debajo para seguir donde ha dejado.<\/span><\/p>\n<p><a href=\"https:\/\/commons.mtholyoke.edu\/philosophyatthemuseum\/expressionism-1\/\"><img loading=\"lazy\" decoding=\"async\" class=\"alignnone wp-image-161 size-thumbnail\" src=\"https:\/\/commons.mtholyoke.edu\/philosophyatthemuseumspanish\/wp-content\/uploads\/sites\/340\/2016\/02\/Van-Gogh-150x150.jpg\" width=\"150\" height=\"150\" \/><\/a>\u00a0 \u00a0 \u00a0\u00a0<a href=\"https:\/\/commons.mtholyoke.edu\/philosophyatthemuseum\/expressionism-2\/\"><img loading=\"lazy\" decoding=\"async\" class=\"alignnone wp-image-162 size-thumbnail\" src=\"https:\/\/commons.mtholyoke.edu\/philosophyatthemuseumspanish\/wp-content\/uploads\/sites\/340\/2016\/02\/Munch-150x150.jpg\" width=\"150\" height=\"150\" \/><\/a>\u00a0 \u00a0 \u00a0\u00a0<a href=\"https:\/\/commons.mtholyoke.edu\/philosophyatthemuseum\/expressionism-3\/\"><img loading=\"lazy\" decoding=\"async\" class=\"alignnone wp-image-163 size-thumbnail\" src=\"https:\/\/commons.mtholyoke.edu\/philosophyatthemuseumspanish\/wp-content\/uploads\/sites\/340\/2016\/02\/de-Kooning-150x150.jpg\" width=\"150\" height=\"150\" \/><\/a><\/p>\n<h6><a href=\"https:\/\/commons.mtholyoke.edu\/philosophyatthemuseumspanish\/wp-content\/uploads\/sites\/340\/2016\/03\/Philosophy-@-The-Virtual-Art-Museum-El-Expresionismo.pdf\">Haz clic aqu\u00ed para obtener la versi\u00f3n de est\u00e1 secci\u00f3n para imprimir.<\/a><\/h6>\n","protected":false},"excerpt":{"rendered":"<p>El arte del expresionismo se enfoca en la representaci\u00f3n de emociones y no de la representaci\u00f3n precisa de objetos. Empezando en el siglo 19, tal vez porque la fotograf\u00eda era una forma m\u00e1s precisa para representar las cosas, artistas empezaron a usar colores y deformaciones visuales como un medio de comunicar estados de emoci\u00f3n. Las [&hellip;]<\/p>\n","protected":false},"author":264,"featured_media":0,"parent":0,"menu_order":0,"comment_status":"closed","ping_status":"closed","template":"","meta":{"_monsterinsights_skip_tracking":false,"footnotes":""},"class_list":["post-122","page","type-page","status-publish","hentry"],"_links":{"self":[{"href":"https:\/\/commons.mtholyoke.edu\/philosophyatthemuseumspanish\/wp-json\/wp\/v2\/pages\/122","targetHints":{"allow":["GET"]}}],"collection":[{"href":"https:\/\/commons.mtholyoke.edu\/philosophyatthemuseumspanish\/wp-json\/wp\/v2\/pages"}],"about":[{"href":"https:\/\/commons.mtholyoke.edu\/philosophyatthemuseumspanish\/wp-json\/wp\/v2\/types\/page"}],"author":[{"embeddable":true,"href":"https:\/\/commons.mtholyoke.edu\/philosophyatthemuseumspanish\/wp-json\/wp\/v2\/users\/264"}],"replies":[{"embeddable":true,"href":"https:\/\/commons.mtholyoke.edu\/philosophyatthemuseumspanish\/wp-json\/wp\/v2\/comments?post=122"}],"version-history":[{"count":5,"href":"https:\/\/commons.mtholyoke.edu\/philosophyatthemuseumspanish\/wp-json\/wp\/v2\/pages\/122\/revisions"}],"predecessor-version":[{"id":1547,"href":"https:\/\/commons.mtholyoke.edu\/philosophyatthemuseumspanish\/wp-json\/wp\/v2\/pages\/122\/revisions\/1547"}],"wp:attachment":[{"href":"https:\/\/commons.mtholyoke.edu\/philosophyatthemuseumspanish\/wp-json\/wp\/v2\/media?parent=122"}],"curies":[{"name":"wp","href":"https:\/\/api.w.org\/{rel}","templated":true}]}}

<p><span style="font-weight: 400">El arte del expresionismo se enfoca en la representación de emociones y no de la representación precisa de objetos. Empezando en el siglo 19, tal vez porque la fotografía era una forma más precisa para representar las cosas, artistas empezaron a usar colores y deformaciones visuales como un medio de comunicar estados de emoción. Las primeras dos obras en está sección viene de esta etapa de arte. La última obra es del estilo de expresionismo abstracto, que era una escuela de Arte Americano muy grande de los años 1950 y 1960.</span></p>
<p><span style="font-weight: 400">[Nota: La obra de Mark Rothko en la sección de Arte Abstracto es otro ejemplo del arte expresionismo abstracto.] </span></p>
<h3 style="text-align: right"><a href="https://commons.mtholyoke.edu/philosophyatthemuseumspanish/expressionism-1/">Inicio:<strong> Explorar El Expresionismo</strong> →</a></h3>
<p>&nbsp;</p>
<p><span style="font-weight: 400">Selecciona una obra por debajo para seguir donde ha dejado.</span></p>
<p><a href="https://commons.mtholyoke.edu/philosophyatthemuseum/expressionism-1/"><img loading="lazy" decoding="async" class="alignnone wp-image-161 size-thumbnail" src="https://commons.mtholyoke.edu/philosophyatthemuseumspanish/wp-content/uploads/sites/340/2016/02/Van-Gogh-150x150.jpg" width="150" height="150" /></a>      <a href="https://commons.mtholyoke.edu/philosophyatthemuseum/expressionism-2/"><img loading="lazy" decoding="async" class="alignnone wp-image-162 size-thumbnail" src="https://commons.mtholyoke.edu/philosophyatthemuseumspanish/wp-content/uploads/sites/340/2016/02/Munch-150x150.jpg" width="150" height="150" /></a>      <a href="https://commons.mtholyoke.edu/philosophyatthemuseum/expressionism-3/"><img loading="lazy" decoding="async" class="alignnone wp-image-163 size-thumbnail" src="https://commons.mtholyoke.edu/philosophyatthemuseumspanish/wp-content/uploads/sites/340/2016/02/de-Kooning-150x150.jpg" width="150" height="150" /></a></p>
<h6><a href="https://commons.mtholyoke.edu/philosophyatthemuseumspanish/wp-content/uploads/sites/340/2016/03/Philosophy-@-The-Virtual-Art-Museum-El-Expresionismo.pdf">Haz clic aquí para obtener la versión de está sección para imprimir.</a></h6>

<p>El arte del expresionismo se enfoca en la representación de emociones y no de la representación precisa de objetos. Empezando en el siglo 19, tal vez porque la fotografía era una forma más precisa para representar las cosas, artistas empezaron a usar colores y deformaciones visuales como un medio de comunicar estados de emoción. Las [&hellip;]</p>
