{"id":124,"date":"2016-02-23T19:08:26","date_gmt":"2016-02-23T19:08:26","guid":{"rendered":"https:\/\/commons.mtholyoke.edu\/philosophyatthemuseum\/?page_id=124"},"modified":"2017-05-04T02:13:42","modified_gmt":"2017-05-04T02:13:42","slug":"expressionism-philosophy-question-1","status":"publish","type":"page","link":"https:\/\/commons.mtholyoke.edu\/philosophyatthemuseumspanish\/expressionism\/expressionism-philosophy-question-1\/","title":{"rendered":"Preguntas Filos\u00f3ficas del Expresionismo"},"content":{"rendered":"<p><a href=\"https:\/\/commons.mtholyoke.edu\/philosophyatthemuseumspanish\/expressionism-1\/\"><img loading=\"lazy\" decoding=\"async\" class=\"alignnone wp-image-161 size-thumbnail\" src=\"https:\/\/commons.mtholyoke.edu\/philosophyatthemuseumspanish\/wp-content\/uploads\/sites\/340\/2016\/02\/Van-Gogh-150x150.jpg\" alt=\"Vincent Van Gogh, Bedroom in Arles, 1888, Van Gogh Museum\" width=\"150\" height=\"150\" \/><\/a>\u00a0 \u00a0 \u00a0\u00a0<a href=\"https:\/\/commons.mtholyoke.edu\/philosophyatthemuseumspanish\/expressionism-2\/\"><img loading=\"lazy\" decoding=\"async\" class=\"alignnone wp-image-162 size-thumbnail\" src=\"https:\/\/commons.mtholyoke.edu\/philosophyatthemuseumspanish\/wp-content\/uploads\/sites\/340\/2016\/02\/Munch-150x150.jpg\" alt=\"Edvard Munch, The Scream, 1893 National Gallery Oslo Norway\" width=\"150\" height=\"150\" \/><\/a>\u00a0 \u00a0 \u00a0\u00a0<a href=\"https:\/\/commons.mtholyoke.edu\/philosophyatthemuseumspanish\/expressionism-3\/\"><img loading=\"lazy\" decoding=\"async\" class=\"alignnone wp-image-163 size-thumbnail\" src=\"https:\/\/commons.mtholyoke.edu\/philosophyatthemuseumspanish\/wp-content\/uploads\/sites\/340\/2016\/02\/de-Kooning-150x150.jpg\" alt=\" Willem de Kooning, Woman V (1952\u201353), National Gallery of Australia\" width=\"150\" height=\"150\" \/><\/a><\/p>\n<p>1. \u00a0<span style=\"font-weight: 400\">Nombra unas emociones incluyendo las que ha pensado que han expresado los cuadros.<\/span><\/p>\n<p>&nbsp;<\/p>\n<h5 style=\"text-align: right\"><a href=\"https:\/\/commons.mtholyoke.edu\/philosophyatthemuseumspanish\/expressionism\/expressionism-philosophy-question-2\/\">Proxima Pregunta \u2192<\/a><\/h5>\n<p>&nbsp;<\/p>\n<h6><a href=\"https:\/\/commons.mtholyoke.edu\/philosophyatthemuseumspanish\/wp-content\/uploads\/sites\/340\/2016\/03\/Philosophy-@-The-Virtual-Art-Museum-El-Expresionismo.pdf\">Haz clic aqu\u00ed para obtener la versi\u00f3n de est\u00e1 secci\u00f3n para imprimir.<\/a><\/h6>\n","protected":false},"excerpt":{"rendered":"<p>\u00a0 \u00a0 \u00a0\u00a0\u00a0 \u00a0 \u00a0\u00a0 1. \u00a0Nombra unas emociones incluyendo las que ha pensado que han expresado los cuadros. &nbsp; Proxima Pregunta \u2192 &nbsp; Haz clic aqu\u00ed para obtener la versi\u00f3n de est\u00e1 secci\u00f3n para imprimir.<\/p>\n","protected":false},"author":264,"featured_media":0,"parent":122,"menu_order":0,"comment_status":"closed","ping_status":"closed","template":"","meta":{"_monsterinsights_skip_tracking":false,"footnotes":""},"class_list":["post-124","page","type-page","status-publish","hentry"],"_links":{"self":[{"href":"https:\/\/commons.mtholyoke.edu\/philosophyatthemuseumspanish\/wp-json\/wp\/v2\/pages\/124","targetHints":{"allow":["GET"]}}],"collection":[{"href":"https:\/\/commons.mtholyoke.edu\/philosophyatthemuseumspanish\/wp-json\/wp\/v2\/pages"}],"about":[{"href":"https:\/\/commons.mtholyoke.edu\/philosophyatthemuseumspanish\/wp-json\/wp\/v2\/types\/page"}],"author":[{"embeddable":true,"href":"https:\/\/commons.mtholyoke.edu\/philosophyatthemuseumspanish\/wp-json\/wp\/v2\/users\/264"}],"replies":[{"embeddable":true,"href":"https:\/\/commons.mtholyoke.edu\/philosophyatthemuseumspanish\/wp-json\/wp\/v2\/comments?post=124"}],"version-history":[{"count":5,"href":"https:\/\/commons.mtholyoke.edu\/philosophyatthemuseumspanish\/wp-json\/wp\/v2\/pages\/124\/revisions"}],"predecessor-version":[{"id":1548,"href":"https:\/\/commons.mtholyoke.edu\/philosophyatthemuseumspanish\/wp-json\/wp\/v2\/pages\/124\/revisions\/1548"}],"up":[{"embeddable":true,"href":"https:\/\/commons.mtholyoke.edu\/philosophyatthemuseumspanish\/wp-json\/wp\/v2\/pages\/122"}],"wp:attachment":[{"href":"https:\/\/commons.mtholyoke.edu\/philosophyatthemuseumspanish\/wp-json\/wp\/v2\/media?parent=124"}],"curies":[{"name":"wp","href":"https:\/\/api.w.org\/{rel}","templated":true}]}}

Preguntas Filosóficas del Expresionismo

<p><a href="https://commons.mtholyoke.edu/philosophyatthemuseumspanish/expressionism-1/"><img loading="lazy" decoding="async" class="alignnone wp-image-161 size-thumbnail" src="https://commons.mtholyoke.edu/philosophyatthemuseumspanish/wp-content/uploads/sites/340/2016/02/Van-Gogh-150x150.jpg" alt="Vincent Van Gogh, Bedroom in Arles, 1888, Van Gogh Museum" width="150" height="150" /></a>      <a href="https://commons.mtholyoke.edu/philosophyatthemuseumspanish/expressionism-2/"><img loading="lazy" decoding="async" class="alignnone wp-image-162 size-thumbnail" src="https://commons.mtholyoke.edu/philosophyatthemuseumspanish/wp-content/uploads/sites/340/2016/02/Munch-150x150.jpg" alt="Edvard Munch, The Scream, 1893 National Gallery Oslo Norway" width="150" height="150" /></a>      <a href="https://commons.mtholyoke.edu/philosophyatthemuseumspanish/expressionism-3/"><img loading="lazy" decoding="async" class="alignnone wp-image-163 size-thumbnail" src="https://commons.mtholyoke.edu/philosophyatthemuseumspanish/wp-content/uploads/sites/340/2016/02/de-Kooning-150x150.jpg" alt=" Willem de Kooning, Woman V (1952–53), National Gallery of Australia" width="150" height="150" /></a></p>
<p>1.  <span style="font-weight: 400">Nombra unas emociones incluyendo las que ha pensado que han expresado los cuadros.</span></p>
<p>&nbsp;</p>
<h5 style="text-align: right"><a href="https://commons.mtholyoke.edu/philosophyatthemuseumspanish/expressionism/expressionism-philosophy-question-2/">Proxima Pregunta →</a></h5>
<p>&nbsp;</p>
<h6><a href="https://commons.mtholyoke.edu/philosophyatthemuseumspanish/wp-content/uploads/sites/340/2016/03/Philosophy-@-The-Virtual-Art-Museum-El-Expresionismo.pdf">Haz clic aquí para obtener la versión de está sección para imprimir.</a></h6>

<p>             1.  Nombra unas emociones incluyendo las que ha pensado que han expresado los cuadros. &nbsp; Proxima Pregunta → &nbsp; Haz clic aquí para obtener la versión de está sección para imprimir.</p>
