{"id":632,"date":"2016-11-02T01:15:33","date_gmt":"2016-11-02T01:15:33","guid":{"rendered":"https:\/\/commons.mtholyoke.edu\/philosophyatthemuseum\/?page_id=632"},"modified":"2017-05-04T02:05:36","modified_gmt":"2017-05-04T02:05:36","slug":"portraits-philosophy-question-5","status":"publish","type":"page","link":"https:\/\/commons.mtholyoke.edu\/philosophyatthemuseumspanish\/portraits-philosophy-question-5\/","title":{"rendered":"Preguntas Filosoficas"},"content":{"rendered":"<p style=\"text-align: left\"><a href=\"https:\/\/commons.mtholyoke.edu\/philosophyatthemuseumspanish\/portraits-1\/\"><img loading=\"lazy\" decoding=\"async\" class=\"alignnone wp-image-26 size-thumbnail\" src=\"https:\/\/commons.mtholyoke.edu\/philosophyatthemuseum\/wp-content\/uploads\/sites\/19\/2016\/02\/Madame_X_Madame_Pierre_Gautreau_John_Singer_Sargent_1884_unfree_frame_crop-e1456618115390-148x150.jpg\" alt=\"1.What strikes you most prominently about this portrait? 2. How do you think Sargent felt about Madame X? 3. Do you think this is a beautiful painting? What accounts for its beauty 4. If you discovered that this painting caused a scandal, how would that change your understanding of it?\" width=\"148\" height=\"150\" \/><\/a>\u00a0 \u00a0 \u00a0\u00a0<a href=\"https:\/\/commons.mtholyoke.edu\/philosophyatthemuseumspanish\/portraits-2\/\"><img loading=\"lazy\" decoding=\"async\" class=\"alignnone wp-image-27 size-thumbnail\" src=\"https:\/\/commons.mtholyoke.edu\/philosophyatthemuseum\/wp-content\/uploads\/sites\/19\/2016\/02\/Matisse-Woman-with-a-Hat-150x150.jpg\" alt=\"1. What features of this portrait stand out? 2. How do you think Matisse felt about the woman in the portrait? 3. If you discovered that the woman was Matisse\u2019s wife, how would that affect your understanding of the painting? 4. Is this painting beautiful? Is Mme. Matisse beautiful? Does that matter? \" width=\"150\" height=\"150\" \/><\/a>\u00a0 \u00a0 \u00a0\u00a0<a href=\"https:\/\/commons.mtholyoke.edu\/philosophyatthemuseumspanish\/portraits-3\/\"><img loading=\"lazy\" decoding=\"async\" class=\"alignnone wp-image-410 size-thumbnail\" src=\"https:\/\/commons.mtholyoke.edu\/philosophyatthemuseum\/wp-content\/uploads\/sites\/19\/2016\/02\/mh_2012_l3_v1-150x150.jpg\" alt=\"Michael Borges Study, Kehinde Wiley, 2008\" width=\"150\" height=\"150\" \/><\/a>\u00a0 \u00a0 \u00a0\u00a0<a href=\"https:\/\/commons.mtholyoke.edu\/philosophyatthemuseumspanish\/portraits-4\/\"><img loading=\"lazy\" decoding=\"async\" class=\"alignnone wp-image-28 size-thumbnail\" title=\"Rembrandt\" src=\"https:\/\/commons.mtholyoke.edu\/philosophyatthemuseum\/wp-content\/uploads\/sites\/19\/2016\/02\/Rembrant_Self-Portrait_1660-150x150.jpg\" width=\"150\" height=\"150\" \/><\/a><\/p>\n<p style=\"text-align: left\">5. \u00a0<span style=\"font-weight: 400\">Algunos fil\u00f3sofos piensan que nuestro conocimiento de nuestra mente es diferente al conocimiento de las mentes de otros. \u00bfPiensa que tiene raz\u00f3n? \u00bfEs que entiende su propia mente de un modo diferente de c\u00f3mo entiende la mente de otro? \u00bfEs que su conocimiento de s\u00ed mismo es m\u00e1s cierto que su conocimiento de otros? \u00bfEn que modos? \u00bfHay caracter\u00edsticas del autorretrato que sean diferentes a las de retratos de otra persona? \u00bfEs que tienen relaci\u00f3n entre el conocimiento de s\u00ed mismo y el conocimiento de otros? \u00a0<\/span><\/p>\n<p>&nbsp;<\/p>\n<h5 style=\"text-align: right\"><a href=\"https:\/\/commons.mtholyoke.edu\/philosophyatthemuseumspanish\/portraits-philosophy-question-6\/\">Proxima Pregunta \u2192<\/a><\/h5>\n<h5><a href=\"https:\/\/commons.mtholyoke.edu\/philosophyatthemuseumspanish\/portraits-philosophy-question-4\/\">\u2190 Anterior<\/a><\/h5>\n<p>&nbsp;<\/p>\n<h6><a href=\"https:\/\/commons.mtholyoke.edu\/philosophyatthemuseumspanish\/wp-content\/uploads\/sites\/340\/2016\/03\/Philosophy-@-The-Virtual-Art-Museum-Los-Retratos-SPANISH.pdf\">Haz clic aqu\u00ed para obtener la versi\u00f3n de est\u00e1 secci\u00f3n para imprimir.<\/a><\/h6>\n","protected":false},"excerpt":{"rendered":"<p>\u00a0 \u00a0 \u00a0\u00a0\u00a0 \u00a0 \u00a0\u00a0\u00a0 \u00a0 \u00a0\u00a0 5. \u00a0Algunos fil\u00f3sofos piensan que nuestro conocimiento de nuestra mente es diferente al conocimiento de las mentes de otros. \u00bfPiensa que tiene raz\u00f3n? \u00bfEs que entiende su propia mente de un modo diferente de c\u00f3mo entiende la mente de otro? \u00bfEs que su conocimiento de s\u00ed mismo es [&hellip;]<\/p>\n","protected":false},"author":264,"featured_media":0,"parent":0,"menu_order":0,"comment_status":"closed","ping_status":"closed","template":"","meta":{"_monsterinsights_skip_tracking":false,"footnotes":""},"class_list":["post-632","page","type-page","status-publish","hentry"],"_links":{"self":[{"href":"https:\/\/commons.mtholyoke.edu\/philosophyatthemuseumspanish\/wp-json\/wp\/v2\/pages\/632","targetHints":{"allow":["GET"]}}],"collection":[{"href":"https:\/\/commons.mtholyoke.edu\/philosophyatthemuseumspanish\/wp-json\/wp\/v2\/pages"}],"about":[{"href":"https:\/\/commons.mtholyoke.edu\/philosophyatthemuseumspanish\/wp-json\/wp\/v2\/types\/page"}],"author":[{"embeddable":true,"href":"https:\/\/commons.mtholyoke.edu\/philosophyatthemuseumspanish\/wp-json\/wp\/v2\/users\/264"}],"replies":[{"embeddable":true,"href":"https:\/\/commons.mtholyoke.edu\/philosophyatthemuseumspanish\/wp-json\/wp\/v2\/comments?post=632"}],"version-history":[{"count":4,"href":"https:\/\/commons.mtholyoke.edu\/philosophyatthemuseumspanish\/wp-json\/wp\/v2\/pages\/632\/revisions"}],"predecessor-version":[{"id":1539,"href":"https:\/\/commons.mtholyoke.edu\/philosophyatthemuseumspanish\/wp-json\/wp\/v2\/pages\/632\/revisions\/1539"}],"wp:attachment":[{"href":"https:\/\/commons.mtholyoke.edu\/philosophyatthemuseumspanish\/wp-json\/wp\/v2\/media?parent=632"}],"curies":[{"name":"wp","href":"https:\/\/api.w.org\/{rel}","templated":true}]}}

<p style="text-align: left"><a href="https://commons.mtholyoke.edu/philosophyatthemuseumspanish/portraits-1/"><img loading="lazy" decoding="async" class="alignnone wp-image-26 size-thumbnail" src="https://commons.mtholyoke.edu/philosophyatthemuseum/wp-content/uploads/sites/19/2016/02/Madame_X_Madame_Pierre_Gautreau_John_Singer_Sargent_1884_unfree_frame_crop-e1456618115390-148x150.jpg" alt="1.What strikes you most prominently about this portrait? 2. How do you think Sargent felt about Madame X? 3. Do you think this is a beautiful painting? What accounts for its beauty 4. If you discovered that this painting caused a scandal, how would that change your understanding of it?" width="148" height="150" /></a>      <a href="https://commons.mtholyoke.edu/philosophyatthemuseumspanish/portraits-2/"><img loading="lazy" decoding="async" class="alignnone wp-image-27 size-thumbnail" src="https://commons.mtholyoke.edu/philosophyatthemuseum/wp-content/uploads/sites/19/2016/02/Matisse-Woman-with-a-Hat-150x150.jpg" alt="1. What features of this portrait stand out? 2. How do you think Matisse felt about the woman in the portrait? 3. If you discovered that the woman was Matisse’s wife, how would that affect your understanding of the painting? 4. Is this painting beautiful? Is Mme. Matisse beautiful? Does that matter? " width="150" height="150" /></a>      <a href="https://commons.mtholyoke.edu/philosophyatthemuseumspanish/portraits-3/"><img loading="lazy" decoding="async" class="alignnone wp-image-410 size-thumbnail" src="https://commons.mtholyoke.edu/philosophyatthemuseum/wp-content/uploads/sites/19/2016/02/mh_2012_l3_v1-150x150.jpg" alt="Michael Borges Study, Kehinde Wiley, 2008" width="150" height="150" /></a>      <a href="https://commons.mtholyoke.edu/philosophyatthemuseumspanish/portraits-4/"><img loading="lazy" decoding="async" class="alignnone wp-image-28 size-thumbnail" title="Rembrandt" src="https://commons.mtholyoke.edu/philosophyatthemuseum/wp-content/uploads/sites/19/2016/02/Rembrant_Self-Portrait_1660-150x150.jpg" width="150" height="150" /></a></p>
<p style="text-align: left">5.  <span style="font-weight: 400">Algunos filósofos piensan que nuestro conocimiento de nuestra mente es diferente al conocimiento de las mentes de otros. ¿Piensa que tiene razón? ¿Es que entiende su propia mente de un modo diferente de cómo entiende la mente de otro? ¿Es que su conocimiento de sí mismo es más cierto que su conocimiento de otros? ¿En que modos? ¿Hay características del autorretrato que sean diferentes a las de retratos de otra persona? ¿Es que tienen relación entre el conocimiento de sí mismo y el conocimiento de otros?  </span></p>
<p>&nbsp;</p>
<h5 style="text-align: right"><a href="https://commons.mtholyoke.edu/philosophyatthemuseumspanish/portraits-philosophy-question-6/">Proxima Pregunta →</a></h5>
<h5><a href="https://commons.mtholyoke.edu/philosophyatthemuseumspanish/portraits-philosophy-question-4/">← Anterior</a></h5>
<p>&nbsp;</p>
<h6><a href="https://commons.mtholyoke.edu/philosophyatthemuseumspanish/wp-content/uploads/sites/340/2016/03/Philosophy-@-The-Virtual-Art-Museum-Los-Retratos-SPANISH.pdf">Haz clic aquí para obtener la versión de está sección para imprimir.</a></h6>

<p>                   5.  Algunos filósofos piensan que nuestro conocimiento de nuestra mente es diferente al conocimiento de las mentes de otros. ¿Piensa que tiene razón? ¿Es que entiende su propia mente de un modo diferente de cómo entiende la mente de otro? ¿Es que su conocimiento de sí mismo es [&hellip;]</p>
