{"id":669,"date":"2016-11-02T01:43:19","date_gmt":"2016-11-02T01:43:19","guid":{"rendered":"https:\/\/commons.mtholyoke.edu\/philosophyatthemuseum\/?page_id=669"},"modified":"2017-05-04T02:08:48","modified_gmt":"2017-05-04T02:08:48","slug":"landscape-philosophy-question-3","status":"publish","type":"page","link":"https:\/\/commons.mtholyoke.edu\/philosophyatthemuseumspanish\/landscape-philosophy-question-3\/","title":{"rendered":"Preguntas Filos\u00f3ficas de Paisajes"},"content":{"rendered":"<p><a href=\"https:\/\/commons.mtholyoke.edu\/philosophyatthemuseumspanish\/landscapes-1\/\"><img loading=\"lazy\" decoding=\"async\" class=\"alignnone wp-image-282 size-thumbnail\" src=\"https:\/\/commons.mtholyoke.edu\/philosophyatthemuseumspanish\/wp-content\/uploads\/sites\/340\/2016\/02\/N-0990-00-000027-wpu-150x150.jpg\" alt=\"Jacob van Ruisdael, 1628\/9? - 1682 A Landscape with a Ruined Castle and a Church about 1665-70 Oil on canvas, 109 x 146 cm Wynn Ellis Bequest, 1876 NG990 http:\/\/www.nationalgallery.org.uk\/paintings\/NG990\" width=\"150\" height=\"150\" \/><\/a>\u00a0 \u00a0 \u00a0\u00a0<a href=\"https:\/\/commons.mtholyoke.edu\/philosophyatthemuseumspanish\/landscapes-2\/\" rel=\"attachment wp-att-343\"><img loading=\"lazy\" decoding=\"async\" class=\"alignnone wp-image-343 size-thumbnail\" src=\"https:\/\/commons.mtholyoke.edu\/philosophyatthemuseumspanish\/wp-content\/uploads\/sites\/340\/2016\/02\/Monet-150x150.jpg\" alt=\"Claude Monet, 1876, 23 1\/2 x 32 1\/2 in. \" width=\"150\" height=\"150\" \/><\/a>\u00a0 \u00a0 \u00a0\u00a0<a href=\"https:\/\/commons.mtholyoke.edu\/philosophyatthemuseumspanish\/landscapes-3\/\"><img loading=\"lazy\" decoding=\"async\" class=\"alignnone wp-image-56 size-thumbnail\" src=\"https:\/\/commons.mtholyoke.edu\/philosophyatthemuseumspanish\/wp-content\/uploads\/sites\/340\/2016\/02\/1200px-Great_Wave_off_Kanagawa2-150x150.jpg\" width=\"150\" height=\"150\" \/><\/a><\/p>\n<p>3. \u00a0<span style=\"font-weight: 400\">En todos los cuadros que ha visto, \u201cla naturaleza\u201d siempre se ve una presencia del ser humano. Hay un modo correcto para relacionarse los humanos con la naturaleza? \u00bfC\u00f3mo ser\u00eda esa relaci\u00f3n y porque lo piensa?<\/span><\/p>\n<p>&nbsp;<\/p>\n<h2 style=\"text-align: right\"><a href=\"https:\/\/commons.mtholyoke.edu\/philosophyatthemuseumspanish\/expressionism\/\">Pr\u00f3xima Unidad:\u00a0<strong>El Expresionismo<\/strong><\/a><\/h2>\n<h5><a href=\"https:\/\/commons.mtholyoke.edu\/philosophyatthemuseumspanish\/landscape-philosophy-question-2\/\">\u2190 Anterior<\/a><\/h5>\n<p>&nbsp;<\/p>\n<h6><a href=\"https:\/\/commons.mtholyoke.edu\/philosophyatthemuseumspanish\/wp-content\/uploads\/sites\/340\/2016\/03\/Philosophy-@-The-Virtual-Art-Museum-Los-Paisajes-SPANISH.pdf\">Haz clic aqu\u00ed para obtener la versi\u00f3n de est\u00e1 secci\u00f3n para imprimir.<\/a><\/h6>\n","protected":false},"excerpt":{"rendered":"<p>\u00a0 \u00a0 \u00a0\u00a0\u00a0 \u00a0 \u00a0\u00a0 3. \u00a0En todos los cuadros que ha visto, \u201cla naturaleza\u201d siempre se ve una presencia del ser humano. Hay un modo correcto para relacionarse los humanos con la naturaleza? \u00bfC\u00f3mo ser\u00eda esa relaci\u00f3n y porque lo piensa? &nbsp; Pr\u00f3xima Unidad:\u00a0El Expresionismo \u2190 Anterior &nbsp; Haz clic aqu\u00ed para obtener la [&hellip;]<\/p>\n","protected":false},"author":264,"featured_media":0,"parent":0,"menu_order":0,"comment_status":"closed","ping_status":"closed","template":"","meta":{"_monsterinsights_skip_tracking":false,"footnotes":""},"class_list":["post-669","page","type-page","status-publish","hentry"],"_links":{"self":[{"href":"https:\/\/commons.mtholyoke.edu\/philosophyatthemuseumspanish\/wp-json\/wp\/v2\/pages\/669","targetHints":{"allow":["GET"]}}],"collection":[{"href":"https:\/\/commons.mtholyoke.edu\/philosophyatthemuseumspanish\/wp-json\/wp\/v2\/pages"}],"about":[{"href":"https:\/\/commons.mtholyoke.edu\/philosophyatthemuseumspanish\/wp-json\/wp\/v2\/types\/page"}],"author":[{"embeddable":true,"href":"https:\/\/commons.mtholyoke.edu\/philosophyatthemuseumspanish\/wp-json\/wp\/v2\/users\/264"}],"replies":[{"embeddable":true,"href":"https:\/\/commons.mtholyoke.edu\/philosophyatthemuseumspanish\/wp-json\/wp\/v2\/comments?post=669"}],"version-history":[{"count":3,"href":"https:\/\/commons.mtholyoke.edu\/philosophyatthemuseumspanish\/wp-json\/wp\/v2\/pages\/669\/revisions"}],"predecessor-version":[{"id":1545,"href":"https:\/\/commons.mtholyoke.edu\/philosophyatthemuseumspanish\/wp-json\/wp\/v2\/pages\/669\/revisions\/1545"}],"wp:attachment":[{"href":"https:\/\/commons.mtholyoke.edu\/philosophyatthemuseumspanish\/wp-json\/wp\/v2\/media?parent=669"}],"curies":[{"name":"wp","href":"https:\/\/api.w.org\/{rel}","templated":true}]}}

Preguntas Filosóficas de Paisajes

<p><a href="https://commons.mtholyoke.edu/philosophyatthemuseumspanish/landscapes-1/"><img loading="lazy" decoding="async" class="alignnone wp-image-282 size-thumbnail" src="https://commons.mtholyoke.edu/philosophyatthemuseumspanish/wp-content/uploads/sites/340/2016/02/N-0990-00-000027-wpu-150x150.jpg" alt="Jacob van Ruisdael, 1628/9? - 1682 A Landscape with a Ruined Castle and a Church about 1665-70 Oil on canvas, 109 x 146 cm Wynn Ellis Bequest, 1876 NG990 http://www.nationalgallery.org.uk/paintings/NG990" width="150" height="150" /></a>      <a href="https://commons.mtholyoke.edu/philosophyatthemuseumspanish/landscapes-2/" rel="attachment wp-att-343"><img loading="lazy" decoding="async" class="alignnone wp-image-343 size-thumbnail" src="https://commons.mtholyoke.edu/philosophyatthemuseumspanish/wp-content/uploads/sites/340/2016/02/Monet-150x150.jpg" alt="Claude Monet, 1876, 23 1/2 x 32 1/2 in. " width="150" height="150" /></a>      <a href="https://commons.mtholyoke.edu/philosophyatthemuseumspanish/landscapes-3/"><img loading="lazy" decoding="async" class="alignnone wp-image-56 size-thumbnail" src="https://commons.mtholyoke.edu/philosophyatthemuseumspanish/wp-content/uploads/sites/340/2016/02/1200px-Great_Wave_off_Kanagawa2-150x150.jpg" width="150" height="150" /></a></p>
<p>3.  <span style="font-weight: 400">En todos los cuadros que ha visto, “la naturaleza” siempre se ve una presencia del ser humano. Hay un modo correcto para relacionarse los humanos con la naturaleza? ¿Cómo sería esa relación y porque lo piensa?</span></p>
<p>&nbsp;</p>
<h2 style="text-align: right"><a href="https://commons.mtholyoke.edu/philosophyatthemuseumspanish/expressionism/">Próxima Unidad: <strong>El Expresionismo</strong></a></h2>
<h5><a href="https://commons.mtholyoke.edu/philosophyatthemuseumspanish/landscape-philosophy-question-2/">← Anterior</a></h5>
<p>&nbsp;</p>
<h6><a href="https://commons.mtholyoke.edu/philosophyatthemuseumspanish/wp-content/uploads/sites/340/2016/03/Philosophy-@-The-Virtual-Art-Museum-Los-Paisajes-SPANISH.pdf">Haz clic aquí para obtener la versión de está sección para imprimir.</a></h6>

<p>             3.  En todos los cuadros que ha visto, “la naturaleza” siempre se ve una presencia del ser humano. Hay un modo correcto para relacionarse los humanos con la naturaleza? ¿Cómo sería esa relación y porque lo piensa? &nbsp; Próxima Unidad: El Expresionismo ← Anterior &nbsp; Haz clic aquí para obtener la [&hellip;]</p>
