{"id":713,"date":"2016-11-02T02:04:22","date_gmt":"2016-11-02T02:04:22","guid":{"rendered":"https:\/\/commons.mtholyoke.edu\/philosophyatthemuseum\/?page_id=713"},"modified":"2017-05-04T02:15:34","modified_gmt":"2017-05-04T02:15:34","slug":"expressionism-philosophy-question-5","status":"publish","type":"page","link":"https:\/\/commons.mtholyoke.edu\/philosophyatthemuseumspanish\/expressionism-philosophy-question-5\/","title":{"rendered":"Preguntas Filos\u00f3ficas del Expresionismo"},"content":{"rendered":"<p><a href=\"https:\/\/commons.mtholyoke.edu\/philosophyatthemuseumspanish\/expressionism-1\/\"><img loading=\"lazy\" decoding=\"async\" class=\"alignnone wp-image-161 size-thumbnail\" src=\"https:\/\/commons.mtholyoke.edu\/philosophyatthemuseumspanish\/wp-content\/uploads\/sites\/340\/2016\/02\/Van-Gogh-150x150.jpg\" alt=\"Vincent Van Gogh, Bedroom in Arles, 1888, Van Gogh Museum\" width=\"150\" height=\"150\" \/><\/a>\u00a0 \u00a0 \u00a0\u00a0<a href=\"https:\/\/commons.mtholyoke.edu\/philosophyatthemuseumspanish\/expressionism-2\/\"><img loading=\"lazy\" decoding=\"async\" class=\"alignnone wp-image-162 size-thumbnail\" src=\"https:\/\/commons.mtholyoke.edu\/philosophyatthemuseumspanish\/wp-content\/uploads\/sites\/340\/2016\/02\/Munch-150x150.jpg\" alt=\"Edvard Munch, The Scream, 1893 National Gallery Oslo Norway\" width=\"150\" height=\"150\" \/><\/a>\u00a0 \u00a0 \u00a0\u00a0<a href=\"https:\/\/commons.mtholyoke.edu\/philosophyatthemuseumspanish\/expressionism-3\/\"><img loading=\"lazy\" decoding=\"async\" class=\"alignnone wp-image-163 size-thumbnail\" src=\"https:\/\/commons.mtholyoke.edu\/philosophyatthemuseumspanish\/wp-content\/uploads\/sites\/340\/2016\/02\/de-Kooning-150x150.jpg\" alt=\" Willem de Kooning, Woman V (1952\u201353), National Gallery of Australia\" width=\"150\" height=\"150\" \/><\/a><\/p>\n<p>5. \u00a0<span style=\"font-weight: 400\">\u00bfEs que puede notar las emociones de otras personas? \u00bfComo lo sabe?<\/span><\/p>\n<p>&nbsp;<\/p>\n<h5 style=\"text-align: right\"><a href=\"https:\/\/commons.mtholyoke.edu\/philosophyatthemuseumspanish\/expressionism\/expressionism-philosophy-question-6\/\">Proxima Pregunta \u2192<\/a><\/h5>\n<h5><a href=\"https:\/\/commons.mtholyoke.edu\/philosophyatthemuseumspanish\/expressionism\/expressionism-philosophy-question-4\/\">\u2190 Anterior<\/a><\/h5>\n<p>&nbsp;<\/p>\n<h6><a href=\"https:\/\/commons.mtholyoke.edu\/philosophyatthemuseumspanish\/wp-content\/uploads\/sites\/340\/2016\/03\/Philosophy-@-The-Virtual-Art-Museum-El-Expresionismo.pdf\">Haz clic aqu\u00ed para obtener la versi\u00f3n de est\u00e1 secci\u00f3n para imprimir.<\/a><\/h6>\n","protected":false},"excerpt":{"rendered":"<p>\u00a0 \u00a0 \u00a0\u00a0\u00a0 \u00a0 \u00a0\u00a0 5. \u00a0\u00bfEs que puede notar las emociones de otras personas? \u00bfComo lo sabe? &nbsp; Proxima Pregunta \u2192 \u2190 Anterior &nbsp; Haz clic aqu\u00ed para obtener la versi\u00f3n de est\u00e1 secci\u00f3n para imprimir.<\/p>\n","protected":false},"author":264,"featured_media":0,"parent":0,"menu_order":0,"comment_status":"closed","ping_status":"closed","template":"","meta":{"_monsterinsights_skip_tracking":false,"footnotes":""},"class_list":["post-713","page","type-page","status-publish","hentry"],"_links":{"self":[{"href":"https:\/\/commons.mtholyoke.edu\/philosophyatthemuseumspanish\/wp-json\/wp\/v2\/pages\/713","targetHints":{"allow":["GET"]}}],"collection":[{"href":"https:\/\/commons.mtholyoke.edu\/philosophyatthemuseumspanish\/wp-json\/wp\/v2\/pages"}],"about":[{"href":"https:\/\/commons.mtholyoke.edu\/philosophyatthemuseumspanish\/wp-json\/wp\/v2\/types\/page"}],"author":[{"embeddable":true,"href":"https:\/\/commons.mtholyoke.edu\/philosophyatthemuseumspanish\/wp-json\/wp\/v2\/users\/264"}],"replies":[{"embeddable":true,"href":"https:\/\/commons.mtholyoke.edu\/philosophyatthemuseumspanish\/wp-json\/wp\/v2\/comments?post=713"}],"version-history":[{"count":4,"href":"https:\/\/commons.mtholyoke.edu\/philosophyatthemuseumspanish\/wp-json\/wp\/v2\/pages\/713\/revisions"}],"predecessor-version":[{"id":1552,"href":"https:\/\/commons.mtholyoke.edu\/philosophyatthemuseumspanish\/wp-json\/wp\/v2\/pages\/713\/revisions\/1552"}],"wp:attachment":[{"href":"https:\/\/commons.mtholyoke.edu\/philosophyatthemuseumspanish\/wp-json\/wp\/v2\/media?parent=713"}],"curies":[{"name":"wp","href":"https:\/\/api.w.org\/{rel}","templated":true}]}}

Preguntas Filosóficas del Expresionismo

<p><a href="https://commons.mtholyoke.edu/philosophyatthemuseumspanish/expressionism-1/"><img loading="lazy" decoding="async" class="alignnone wp-image-161 size-thumbnail" src="https://commons.mtholyoke.edu/philosophyatthemuseumspanish/wp-content/uploads/sites/340/2016/02/Van-Gogh-150x150.jpg" alt="Vincent Van Gogh, Bedroom in Arles, 1888, Van Gogh Museum" width="150" height="150" /></a>      <a href="https://commons.mtholyoke.edu/philosophyatthemuseumspanish/expressionism-2/"><img loading="lazy" decoding="async" class="alignnone wp-image-162 size-thumbnail" src="https://commons.mtholyoke.edu/philosophyatthemuseumspanish/wp-content/uploads/sites/340/2016/02/Munch-150x150.jpg" alt="Edvard Munch, The Scream, 1893 National Gallery Oslo Norway" width="150" height="150" /></a>      <a href="https://commons.mtholyoke.edu/philosophyatthemuseumspanish/expressionism-3/"><img loading="lazy" decoding="async" class="alignnone wp-image-163 size-thumbnail" src="https://commons.mtholyoke.edu/philosophyatthemuseumspanish/wp-content/uploads/sites/340/2016/02/de-Kooning-150x150.jpg" alt=" Willem de Kooning, Woman V (1952–53), National Gallery of Australia" width="150" height="150" /></a></p>
<p>5.  <span style="font-weight: 400">¿Es que puede notar las emociones de otras personas? ¿Como lo sabe?</span></p>
<p>&nbsp;</p>
<h5 style="text-align: right"><a href="https://commons.mtholyoke.edu/philosophyatthemuseumspanish/expressionism/expressionism-philosophy-question-6/">Proxima Pregunta →</a></h5>
<h5><a href="https://commons.mtholyoke.edu/philosophyatthemuseumspanish/expressionism/expressionism-philosophy-question-4/">← Anterior</a></h5>
<p>&nbsp;</p>
<h6><a href="https://commons.mtholyoke.edu/philosophyatthemuseumspanish/wp-content/uploads/sites/340/2016/03/Philosophy-@-The-Virtual-Art-Museum-El-Expresionismo.pdf">Haz clic aquí para obtener la versión de está sección para imprimir.</a></h6>

<p>             5.  ¿Es que puede notar las emociones de otras personas? ¿Como lo sabe? &nbsp; Proxima Pregunta → ← Anterior &nbsp; Haz clic aquí para obtener la versión de está sección para imprimir.</p>
