{"id":788,"date":"2016-11-02T02:49:23","date_gmt":"2016-11-02T02:49:23","guid":{"rendered":"https:\/\/commons.mtholyoke.edu\/philosophyatthemuseum\/?page_id=788"},"modified":"2017-06-22T01:20:04","modified_gmt":"2017-06-22T01:20:04","slug":"conceptual-art-philosophy-question-4","status":"publish","type":"page","link":"https:\/\/commons.mtholyoke.edu\/philosophyatthemuseumspanish\/conceptual-art-philosophy-question-4\/","title":{"rendered":"Preguntas Filos\u00f3oficas"},"content":{"rendered":"<p><a href=\"https:\/\/commons.mtholyoke.edu\/philosophyatthemuseumspanish\/conceptual-art-1\/\"><img loading=\"lazy\" decoding=\"async\" class=\"alignnone wp-image-115 size-thumbnail\" src=\"https:\/\/commons.mtholyoke.edu\/philosophyatthemuseumspanish\/wp-content\/uploads\/sites\/340\/2016\/02\/The-Treachery-of-Images-150x150.jpg\" width=\"150\" height=\"150\" \/><\/a>\u00a0 \u00a0 \u00a0\u00a0<a href=\"https:\/\/commons.mtholyoke.edu\/philosophyatthemuseumspanish\/conceptual-art-2\/\"><img loading=\"lazy\" decoding=\"async\" class=\"alignnone wp-image-116 size-thumbnail\" src=\"https:\/\/commons.mtholyoke.edu\/philosophyatthemuseumspanish\/wp-content\/uploads\/sites\/340\/2016\/02\/One-and-Three-Chairs-150x150.jpg\" width=\"150\" height=\"150\" \/><\/a>\u00a0 \u00a0 \u00a0\u00a0<a href=\"https:\/\/commons.mtholyoke.edu\/philosophyatthemuseumspanish\/conceptual-art-3\/\"><img loading=\"lazy\" decoding=\"async\" class=\"alignnone wp-image-114 size-thumbnail\" src=\"https:\/\/commons.mtholyoke.edu\/philosophyatthemuseumspanish\/wp-content\/uploads\/sites\/340\/2016\/02\/Language-Is-Not-Transparent-copy-150x150.jpg\" width=\"150\" height=\"150\" srcset=\"https:\/\/commons.mtholyoke.edu\/philosophyatthemuseumspanish\/wp-content\/uploads\/sites\/340\/2016\/02\/Language-Is-Not-Transparent-copy-150x150.jpg 150w, https:\/\/commons.mtholyoke.edu\/philosophyatthemuseumspanish\/wp-content\/uploads\/sites\/340\/2016\/02\/Language-Is-Not-Transparent-copy-300x300.jpg 300w, https:\/\/commons.mtholyoke.edu\/philosophyatthemuseumspanish\/wp-content\/uploads\/sites\/340\/2016\/02\/Language-Is-Not-Transparent-copy-768x768.jpg 768w, https:\/\/commons.mtholyoke.edu\/philosophyatthemuseumspanish\/wp-content\/uploads\/sites\/340\/2016\/02\/Language-Is-Not-Transparent-copy-1024x1024.jpg 1024w, https:\/\/commons.mtholyoke.edu\/philosophyatthemuseumspanish\/wp-content\/uploads\/sites\/340\/2016\/02\/Language-Is-Not-Transparent-copy.jpg 1200w\" sizes=\"auto, (max-width: 150px) 100vw, 150px\" \/><\/a><\/p>\n<p>4. \u00bfEl arte conceptual gusta m\u00e1s o menos que los otros tipos de arte que figuran en esta p\u00e1gina web? \u00bfEst\u00e1 de acuerdo en que el arte conceptual trata m\u00e1s sobre las ideas que sobre las im\u00e1genes empleadas para transmitirlas? \u00bfO crees que las im\u00e1genes empleadas\u00a0 \u00a0es de las ideas m\u00e1s bien que de las im\u00e1genes usadas para representarlo? \u00bfO crees que las im\u00e1genes que ves son importantes para las obras? \u00bfC\u00f3mo comparar\u00edas el arte conceptual con formas de arte m\u00e1s tradicionales?<\/p>\n<p>&nbsp;<\/p>\n<h1 style=\"text-align: right\"><a href=\"https:\/\/commons.mtholyoke.edu\/philosophyatthemuseumspanish\/photography\/\">Iniciar Pr\u00f3xima Unidad: <strong>La Fotograf\u00eda<\/strong><\/a><\/h1>\n<h5><a href=\"https:\/\/commons.mtholyoke.edu\/philosophyatthemuseumspanish\/conceptual-art\/conceptual-art-philosophy-question-3\/\">\u2190 Anterior<\/a><\/h5>\n<p>&nbsp;<\/p>\n<h6><a href=\"https:\/\/commons.mtholyoke.edu\/philosophyatthemuseumspanish\/wp-content\/uploads\/sites\/340\/2016\/02\/Philosophy-@-The-Virtual-Art-Museum-Arte-Conceptual-SPANISH.pdf\">Haz clic aqu\u00ed para obtener la versi\u00f3n de est\u00e1 secci\u00f3n para imprimir.<\/a><\/h6>\n","protected":false},"excerpt":{"rendered":"<p>\u00a0 \u00a0 \u00a0\u00a0\u00a0 \u00a0 \u00a0\u00a0 4. \u00bfEl arte conceptual gusta m\u00e1s o menos que los otros tipos de arte que figuran en esta p\u00e1gina web? \u00bfEst\u00e1 de acuerdo en que el arte conceptual trata m\u00e1s sobre las ideas que sobre las im\u00e1genes empleadas para transmitirlas? \u00bfO crees que las im\u00e1genes empleadas\u00a0 \u00a0es de las ideas [&hellip;]<\/p>\n","protected":false},"author":264,"featured_media":0,"parent":0,"menu_order":0,"comment_status":"closed","ping_status":"closed","template":"","meta":{"_monsterinsights_skip_tracking":false,"footnotes":""},"class_list":["post-788","page","type-page","status-publish","hentry"],"_links":{"self":[{"href":"https:\/\/commons.mtholyoke.edu\/philosophyatthemuseumspanish\/wp-json\/wp\/v2\/pages\/788","targetHints":{"allow":["GET"]}}],"collection":[{"href":"https:\/\/commons.mtholyoke.edu\/philosophyatthemuseumspanish\/wp-json\/wp\/v2\/pages"}],"about":[{"href":"https:\/\/commons.mtholyoke.edu\/philosophyatthemuseumspanish\/wp-json\/wp\/v2\/types\/page"}],"author":[{"embeddable":true,"href":"https:\/\/commons.mtholyoke.edu\/philosophyatthemuseumspanish\/wp-json\/wp\/v2\/users\/264"}],"replies":[{"embeddable":true,"href":"https:\/\/commons.mtholyoke.edu\/philosophyatthemuseumspanish\/wp-json\/wp\/v2\/comments?post=788"}],"version-history":[{"count":6,"href":"https:\/\/commons.mtholyoke.edu\/philosophyatthemuseumspanish\/wp-json\/wp\/v2\/pages\/788\/revisions"}],"predecessor-version":[{"id":1608,"href":"https:\/\/commons.mtholyoke.edu\/philosophyatthemuseumspanish\/wp-json\/wp\/v2\/pages\/788\/revisions\/1608"}],"wp:attachment":[{"href":"https:\/\/commons.mtholyoke.edu\/philosophyatthemuseumspanish\/wp-json\/wp\/v2\/media?parent=788"}],"curies":[{"name":"wp","href":"https:\/\/api.w.org\/{rel}","templated":true}]}}

Preguntas Filosóoficas

<p><a href="https://commons.mtholyoke.edu/philosophyatthemuseumspanish/conceptual-art-1/"><img loading="lazy" decoding="async" class="alignnone wp-image-115 size-thumbnail" src="https://commons.mtholyoke.edu/philosophyatthemuseumspanish/wp-content/uploads/sites/340/2016/02/The-Treachery-of-Images-150x150.jpg" width="150" height="150" /></a>      <a href="https://commons.mtholyoke.edu/philosophyatthemuseumspanish/conceptual-art-2/"><img loading="lazy" decoding="async" class="alignnone wp-image-116 size-thumbnail" src="https://commons.mtholyoke.edu/philosophyatthemuseumspanish/wp-content/uploads/sites/340/2016/02/One-and-Three-Chairs-150x150.jpg" width="150" height="150" /></a>      <a href="https://commons.mtholyoke.edu/philosophyatthemuseumspanish/conceptual-art-3/"><img loading="lazy" decoding="async" class="alignnone wp-image-114 size-thumbnail" src="https://commons.mtholyoke.edu/philosophyatthemuseumspanish/wp-content/uploads/sites/340/2016/02/Language-Is-Not-Transparent-copy-150x150.jpg" width="150" height="150" srcset="https://commons.mtholyoke.edu/philosophyatthemuseumspanish/wp-content/uploads/sites/340/2016/02/Language-Is-Not-Transparent-copy-150x150.jpg 150w, https://commons.mtholyoke.edu/philosophyatthemuseumspanish/wp-content/uploads/sites/340/2016/02/Language-Is-Not-Transparent-copy-300x300.jpg 300w, https://commons.mtholyoke.edu/philosophyatthemuseumspanish/wp-content/uploads/sites/340/2016/02/Language-Is-Not-Transparent-copy-768x768.jpg 768w, https://commons.mtholyoke.edu/philosophyatthemuseumspanish/wp-content/uploads/sites/340/2016/02/Language-Is-Not-Transparent-copy-1024x1024.jpg 1024w, https://commons.mtholyoke.edu/philosophyatthemuseumspanish/wp-content/uploads/sites/340/2016/02/Language-Is-Not-Transparent-copy.jpg 1200w" sizes="auto, (max-width: 150px) 100vw, 150px" /></a></p>
<p>4. ¿El arte conceptual gusta más o menos que los otros tipos de arte que figuran en esta página web? ¿Está de acuerdo en que el arte conceptual trata más sobre las ideas que sobre las imágenes empleadas para transmitirlas? ¿O crees que las imágenes empleadas   es de las ideas más bien que de las imágenes usadas para representarlo? ¿O crees que las imágenes que ves son importantes para las obras? ¿Cómo compararías el arte conceptual con formas de arte más tradicionales?</p>
<p>&nbsp;</p>
<h1 style="text-align: right"><a href="https://commons.mtholyoke.edu/philosophyatthemuseumspanish/photography/">Iniciar Próxima Unidad: <strong>La Fotografía</strong></a></h1>
<h5><a href="https://commons.mtholyoke.edu/philosophyatthemuseumspanish/conceptual-art/conceptual-art-philosophy-question-3/">← Anterior</a></h5>
<p>&nbsp;</p>
<h6><a href="https://commons.mtholyoke.edu/philosophyatthemuseumspanish/wp-content/uploads/sites/340/2016/02/Philosophy-@-The-Virtual-Art-Museum-Arte-Conceptual-SPANISH.pdf">Haz clic aquí para obtener la versión de está sección para imprimir.</a></h6>

<p>             4. ¿El arte conceptual gusta más o menos que los otros tipos de arte que figuran en esta página web? ¿Está de acuerdo en que el arte conceptual trata más sobre las ideas que sobre las imágenes empleadas para transmitirlas? ¿O crees que las imágenes empleadas   es de las ideas [&hellip;]</p>
